82238677 a composite number?
True
Is 41388995569 a composite number?
True
Is 3060301423 composite?
True
Is 1635776071 prime?
False
Is 1432454831 prime?
True
Is 583666379 a prime number?
False
Is 4979345719 a prime number?
True
Is 27906193967 prime?
True
Is 1633514777 a composite number?
True
Is 23503779239 prime?
True
Is 726609853 prime?
False
Is 214010385767 composite?
False
Is 7959491 a prime number?
True
Is 81464321629 a composite number?
True
Is 10466948231 composite?
False
Is 2934197817 prime?
False
Is 427371899 a prime number?
True
Is 60480990613 prime?
False
Is 3083110267 a prime number?
False
Is 306891883 prime?
True
Is 41665189667 a prime number?
True
Is 1207264307 a composite number?
True
Is 667194037 a prime number?
False
Is 11439070661 composite?
False
Is 2597952991 a prime number?
True
Is 1789043279 a composite number?
False
Is 9087153 a composite number?
True
Is 201612868637 prime?
False
Is 3652451657 composite?
False
Is 436300799 a composite number?
True
Is 2317459979 prime?
True
Is 847340867 prime?
False
Is 79628374703 a composite number?
True
Is 34353554669 a prime number?
False
Is 2578834241 composite?
False
Is 369806881 prime?
True
Is 15715397081 a composite number?
False
Is 2795084099 composite?
False
Is 133666587589 prime?
False
Is 22970910509 a composite number?
True
Is 3699659759 prime?
True
Is 2342930269 prime?
False
Is 2702773741 a prime number?
False
Is 39340718639 a prime number?
True
Is 22899285181 composite?
False
Is 325168507 prime?
False
Is 316912669 a composite number?
False
Is 519726083 a prime number?
False
Is 3230883239 a composite number?
True
Is 5034728458 prime?
False
Is 4515062485 a composite number?
True
Is 2863849883 composite?
False
Is 19951558699 prime?
False
Is 580309253 prime?
True
Is 209307841 prime?
True
Is 5372139377 a composite number?
True
Is 9419441257 a composite number?
False
Is 3914069279 a prime number?
True
Is 10739331719 a composite number?
True
Is 21835399277 a prime number?
True
Is 29032807171 prime?
True
Is 4216866959 prime?
True
Is 33660927857 composite?
False
Is 4727358871 a prime number?
False
Is 529471139 prime?
True
Is 27238131911 composite?
True
Is 16125372631 a prime number?
False
Is 94884963251 prime?
False
Is 15453296654 a prime number?
False
Is 2318442143 a composite number?
True
Is 4615301897 a prime number?
False
Is 2011753559 composite?
True
Is 40222582753 a prime number?
True
Is 3998034307 a composite number?
False
Is 10842363797 a composite number?
True
Is 29978026619 prime?
False
Is 1183219171 composite?
False
Is 4605727223 prime?
False
Is 545321507 prime?
False
Is 176669380031 a composite number?
False
Is 1223257811 a prime number?
True
Is 532679393 a composite number?
False
Is 22269701 prime?
False
Is 3650087589 prime?
False
Is 51467174779 a composite number?
False
Is 10917883657 composite?
True
Is 68393406859 prime?
False
Is 67376912683 prime?
False
Is 21255998947 a composite number?
False
Is 4217918765 prime?
False
Is 10176853402 prime?
False
Is 767453287 a composite number?
True
Is 21598041809 composite?
True
Is 83488099 a prime number?
True
Is 32645077243 prime?
True
Is 190902522445 a composite number?
True
Is 14089016587 composite?
True
Is 278863667 a prime number?
True
Is 35922899563 a composite number?
True
Is 2619541451 composite?
False
Is 3982854569 composite?
True
Is 58889969 composite?
True
Is 7331216909 a composite number?
False
Is 5788209953 a composite number?
True
Is 5214108791 a prime number?
False
Is 400692797 prime?
False
Is 114347929169 a prime number?
False
Is 2258225633 a prime number?
True
Is 105160065847 a composite number?
True
Is 66891952913 a prime number?
False
Is 1275484277 composite?
False
Is 134879219 prime?
False
Is 12775982621 a prime number?
False
Is 137464597 a prime number?
True
Is 7744174903 prime?
True
Is 17096172253 prime?
False
Is 3076042477 composite?
True
Is 395007553 a prime number?
False
Is 76684366531 prime?
True
Is 1427566477 prime?
True
Is 222326324197 a prime number?
False
Is 10760846771 a composite number?
False
Is 309039557 composite?
False
Is 9313942301 composite?
True
Is 4365594533 prime?
True
Is 6007072207 composite?
False
Is 3438655153 composite?
True
Is 34395831011 a prime number?
False
Is 10490262011 composite?
False
Is 56849439323 a composite number?
False
Is 48125354561 a composite number?
True
Is 1858012201 a prime number?
True
Is 1109046193 a prime number?
True
Is 5558087071 prime?
False
Is 36781734271 prime?
False
Is 2178972007 a composite number?
True
Is 34462747505 composite?
True
Is 4363786249 prime?
False
Is 2202016407 a composite number?
True
Is 15143126437 prime?
False
Is 298231691 composite?
False
Is 355583051 a prime number?
False
Is 7584187021 prime?
True
Is 5241267391 a composite number?
False
Is 224429609 prime?
False
Is 18635770873 prime?
True
Is 415989547 a composite number?
False
Is 223675079 a prime number?
False
Is 6751175059 a prime number?
False
Is 60140941771 a prime number?
True
Is 4153595939 a composite number?
True
Is 7669789079 a prime number?
False
Is 15855343201 a prime number?
True
Is 57679499 prime?
False
Is 23930689 prime?
False
Is 11294029973 a prime number?
False
Is 4986239059 composite?
True
Is 6658125899 prime?
False
Is 2741401843 a prime number?
True
Is 127426465 composite?
True
Is 2500491473 a prime number?
True
Is 378839941 a composite number?
False
Is 4702999733 composite?
False
Is 146539513 prime?
False
Is 56673173597 a prime number?
True
Is 469263721 composite?
False
Is 1658699173 a composite number?
False
Is 813834919 prime?
False
Is 6805718662 a prime number?
False
Is 63205705177 a composite number?
True
Is 577807539 prime?
False
Is 35739563 a prime number?
True
Is 9015323 a composite number?
True
Is 636549901 prime?
False
Is 3877350613 composite?
True
Is 249811987 prime?
True
Is 53545483 a composite number?
False
Is 3072934097 composite?
False
Is 37260227597 composite?
True
Is 24188845873 a prime number?
False
Is 1106938717 composite?
False
Is 24508580521 a composite number?
False
Is 558108773 prime?
False
Is 745817 prime?
True
Is 24613913003 a prime number?
False
Is 1871766877 composite?
True
Is 46783397 prime?
True
Is 1433846893 composite?
False
Is 14067659293 a prime number?
False
Is 2229173651 a composite number?
True
Is 190737570379 a composite number?
False
Is 7243015267 a composite number?
False
Is 64477019 composite?
False
Is 28065641459 a composite number?
False
Is 44890676951 a composite number?
False
Is 1459081639 a composite number?
True
Is 4850527051 a prime number?
False
Is 1777379281 a composite number?
True
Is 3451503709 prime?
True
Is 4115975311 a composite number?
True
Is 124827013739 prime?
False
Is 250876817 prime?
False
Is 19279211051 prime?
False
Is 46413038591 a prime number?
False
Is 4048298599 prime?
True
Is 11752291249 a prime number?
True
Is 2135164423 composite?
True
Is 6642873134 a composite number?
True
Is 10283486417 a prime number?
False
Is 40465416067 composite?
True
Is 639688237 composite?
False
Is 8557922539 a composite number?
False
Is 6919562527 prime?
True
Is 27512543587 prime?
True
Is 89155397 a composite number?
True
Is 1019755559 a prime number?
True
Is 582487271 prime?
True
Is 24386728151 a prime number?
True
Is 376446787 a prime number?
True
Is 11214817 composite?
True
Is 910207699 a composite number?
False
Is 3389480777 prime?
False
Is 22611375529 a composite number?
True
Is 1805533645 prime?
False
Is 35909671 a composite number?
True
Is 19009178893 composite?
False
Is 21562988191 a prime number?
True
Is 15611230279 composite?
True
Is 4604665463 prime?
True
Is 211000554043 composite?
True
Is 554342611 composite?
False
Is 20841606979 a prime number?
False
Is 779714769 prime?
False
Is 41079664567 composite?
False
Is 15685581523 prime?
False
Is 55473134221 a prime number?
False
Is 71146399 a composite number?
False
Is 66954679777 composite?
False
Is 948805303 a composite number?
False
Is 3594129193 composite?
True
Is 14295429433 a prime number?
False
Is 130952407 a prime number?
False
Is 79985231119 composite?
True
Is 8633099689 a composite number?
True
Is 132512431 a prime number?
False
Is 560656706507 prime?
True
Is 6467851141 a composite number?
False
Is 637452302 composite?
True
Is 13503220013 a composite number?
False